 of 187117670?
0
What is the billions digit of 1076729730?
1
What is the millions digit of 3272540706?
2
What is the ten millions digit of 396037701?
9
What is the hundreds digit of 1495456971?
9
What is the ten thousands digit of 41900958?
0
What is the hundred thousands digit of 47013210?
0
What is the ten thousands digit of 1317017253?
1
What is the hundred thousands digit of 205589265?
5
What is the millions digit of 292892663?
2
What is the ten millions digit of 1143698671?
4
What is the units digit of 1780675236?
6
What is the hundred thousands digit of 19276246?
2
What is the tens digit of 105261420?
2
What is the millions digit of 128858945?
8
What is the thousands digit of 242757699?
7
What is the hundred thousands digit of 51905409?
9
What is the thousands digit of 82580894?
0
What is the billions digit of 1110244247?
1
What is the hundred thousands digit of 7853549?
8
What is the hundred thousands digit of 54850114?
8
What is the ten millions digit of 283263000?
8
What is the ten thousands digit of 368879822?
7
What is the thousands digit of 2983507462?
7
What is the thousands digit of 837602701?
2
What is the units digit of 1107393214?
4
What is the hundred millions digit of 196573946?
1
What is the thousands digit of 32347896?
7
What is the hundreds digit of 424052194?
1
What is the hundreds digit of 3242762270?
2
What is the units digit of 185724999?
9
What is the billions digit of 1520423680?
1
What is the thousands digit of 6490608580?
8
What is the ten millions digit of 82083307?
8
What is the tens digit of 5645486032?
3
What is the units digit of 2879035081?
1
What is the ten millions digit of 1517752051?
1
What is the hundreds digit of 9078424587?
5
What is the millions digit of 1953243599?
3
What is the ten millions digit of 4568503196?
6
What is the hundreds digit of 320610380?
3
What is the hundred thousands digit of 140152938?
1
What is the hundreds digit of 189500590?
5
What is the ten thousands digit of 413234271?
3
What is the ten thousands digit of 3803615570?
1
What is the thousands digit of 73423633?
3
What is the hundred millions digit of 3628119105?
6
What is the hundreds digit of 2300527529?
5
What is the billions digit of 6260977068?
6
What is the ten millions digit of 48932407?
4
What is the thousands digit of 50607834?
7
What is the hundred thousands digit of 1066944531?
9
What is the ten millions digit of 20173395?
2
What is the ten thousands digit of 286414579?
1
What is the ten millions digit of 39361445?
3
What is the billions digit of 1168978115?
1
What is the millions digit of 58296737?
8
What is the units digit of 57884852?
2
What is the ten millions digit of 23695841?
2
What is the hundreds digit of 35657152?
1
What is the ten thousands digit of 51096011?
9
What is the hundred millions digit of 2819509311?
8
What is the hundred thousands digit of 169837938?
8
What is the ten millions digit of 289969712?
8
What is the ten millions digit of 78369440?
7
What is the hundreds digit of 93088877?
8
What is the units digit of 81344990?
0
What is the hundred thousands digit of 3545757830?
7
What is the hundreds digit of 45956122?
1
What is the hundreds digit of 26265438?
4
What is the millions digit of 574950297?
4
What is the thousands digit of 940946315?
6
What is the units digit of 114844539?
9
What is the hundred millions digit of 7255003985?
2
What is the tens digit of 3785544310?
1
What is the hundred thousands digit of 54181435?
1
What is the hundred thousands digit of 3799594388?
5
What is the hundreds digit of 220467374?
3
What is the ten thousands digit of 10652042?
5
What is the hundred millions digit of 235932615?
2
What is the tens digit of 509905198?
9
What is the units digit of 16462408?
8
What is the tens digit of 3599322570?
7
What is the ten millions digit of 13223854?
1
What is the units digit of 268428699?
9
What is the millions digit of 1055547298?
5
What is the millions digit of 28266819?
8
What is the thousands digit of 1960914062?
4
What is the ten millions digit of 920334140?
2
What is the billions digit of 1017880701?
1
What is the hundreds digit of 48717471?
4
What is the ten thousands digit of 4352895668?
9
What is the ten thousands digit of 40437661?
3
What is the millions digit of 112499778?
2
What is the ten thousands digit of 14515593?
1
What is the hundreds digit of 437702524?
5
What is the tens digit of 2344378191?
9
What is the ten millions digit of 3920543697?
2
What is the thousands digit of 167426813?
6
What is the millions digit of 6247865706?
7
What is the hundred thousands digit of 67129124?
1
What is the hundred thousands digit of 208585224?
5
What is the thousands digit of 43357164?
7
What is the tens digit of 4166044159?
5
What is the hundred thousands digit of 2951548270?
5
What is the tens digit of 301728975?
7
What is the thousands digit of 23366229?
6
What is the billions digit of 4638957058?
4
What is the hundreds digit of 27941014?
0
What is the units digit of 1265080795?
5
What is the billions digit of 2438265658?
2
What is the units digit of 1379386483?
3
What is the millions digit of 680206968?
0
What is the ten thousands digit of 115418732?
1
What is the tens digit of 355434419?
1
What is the hundred millions digit of 990867403?
9
What is the tens digit of 752394618?
1
What is the billions digit of 1632603135?
1
What is the millions digit of 31035999?
1
What is the ten thousands digit of 732616196?
1
What is the units digit of 4620621414?
4
What is the hundreds digit of 135545063?
0
What is the hundreds digit of 296540172?
1
What is the ten thousands digit of 650427810?
2
What is the units digit of 349388726?
6
What is the hundreds digit of 2030808558?
5
What is the tens digit of 91874762?
6
What is the millions digit of 5369970?
5
What is the thousands digit of 785050550?
0
What is the thousands digit of 186113283?
3
What is the thousands digit of 1029372285?
2
What is the ten thousands digit of 250909921?
0
What is the ten thousands digit of 1438041070?
4
What is the millions digit of 28943209?
8
What is the millions digit of 49855673?
9
What is the billions digit of 2875914203?
2
What is the millions digit of 35566211?
5
What is the ten thousands digit of 264358?
6
What is the hundred thousands digit of 277837401?
8
What is the hundred millions digit of 2059980184?
0
What is the hundred millions digit of 115547280?
1
What is the units digit of 900025937?
7
What is the millions digit of 58029144?
8
What is the hundreds digit of 1140559895?
8
What is the hundreds digit of 2329461489?
4
What is the thousands digit of 389186984?
6
What is the units digit of 260730407?
7
What is the units digit of 67104839?
9
What is the units digit of 47335847?
7
What is the units digit of 45597053?
3
What is the thousands digit of 3493060?
3
What is the millions digit of 1102183335?
2
What is the units digit of 2763174296?
6
What is the billions digit of 3044669020?
3
What is the hundred millions digit of 3161890716?
1
What is the hundred millions digit of 508669029?
5
What is the millions digit of 420268900?
0
What is the units digit of 29281647?
7
What is the hundred thousands digit of 415281923?
2
What is the tens digit of 137772061?
6
What is the ten millions digit of 3705632118?
0
What is the hundred thousands digit of 50449205?
4
What is the ten millions digit of 645772428?
4
What is the thousands digit of 73795101?
5
What is the units digit of 316973281?
1
What is the units digit of 181037888?
8
What is the ten thousands digit of 35784191?
8
What is the tens digit of 277856428?
2
What is the units digit of 2501913189?
9
What is the ten thousands digit of 494144077?
4
What is the hundred millions digit of 3570703972?
5
What is the hundreds digit of 33275722?
7
What is the ten millions digit of 1045751441?
4
What is the hundred thousands digit of 63755137?
7
What is the hundred millions digit of 220823947?
2
What is the ten thousands digit of 470027357?
2
What is the thousands digit of 150495350?
5
What is the hundred millions digit of 122786036?
1
What is the units digit of 46675793?
3
What is the millions digit of 58755848?
8
What is the millions digit of 100163984?
0
What is the thousands digit of 770093880?
3
What is the millions digit of 305226108?
5
What is 